se 57*l - 62*l + 386 = 3*j, -s = -j - 4*l. Calculate the remainder when j is divided by 62.
60
Let f = 147 + -119. What is the remainder when 176 is divided by f?
8
Let j = -74 + 84. Suppose j*q + 195 = 23*q. Suppose -114 = -3*s - q. What is the remainder when 98 is divided by s?
32
Suppose -2*h + 2105 = 5*t, -2*t + 355 = -3*h - 468. Calculate the remainder when t is divided by 122.
53
Let m(k) = -155*k**3 + 9*k**2 + 8*k + 2. Calculate the remainder when m(-1) is divided by 14.
4
Calculate the remainder when 1705 is divided by 44 - (-2 - 126/(-9)).
9
Let t = -6739 + 10197. What is the remainder when t is divided by 21?
14
Let a = 6798 + -6428. What is the remainder when a is divided by 11?
7
Suppose -15 = 17*d - 94 - 142. Calculate the remainder when 1453 is divided by d.
10
Suppose d - 36*t = -37*t + 539, d - 554 = -4*t. Calculate the remainder when d is divided by 106.
4
Let d(v) = v**3 + 16*v**2 - 36*v + 14. What is the remainder when d(-14) is divided by 152?
150
Let x(k) = 1276*k - 5081. Let v = 74 + 12. What is the remainder when v is divided by x(4)?
17
Suppose 3*d - 6*x - 12 = -9*x, -x + 1 = 0. Suppose -w + 498 = 3*i, i - d*w = 62 + 104. Calculate the remainder when i is divided by 8.
6
Calculate the remainder when 162 + (5 - (-24)/4) is divided by 17.
3
Suppose -v - 3*v + 72 = 0. Let o = 8203 + -8154. Calculate the remainder when o is divided by v.
13
Suppose -5*s + 2*g + 134 = 0, 42*s - 45*s + 2*g + 78 = 0. What is the remainder when 2488 is divided by s?
24
Let v = -23 + 22. Calculate the remainder when (-4 - v)*1232/(-42) is divided by 15.
13
Let v = -1351 - -1391. Calculate the remainder when 2639 is divided by v.
39
Suppose -19*x + 179 = -902 - 800. What is the remainder when 980 is divided by x?
89
Suppose 7*b - 3*b = 672. What is the remainder when b is divided by (4/((-180)/175))/((-153)/1377)?
28
Let x = -167 - -185. What is the remainder when 586 is divided by (12 - x)*(-3 - 10/6)?
26
Let c = 2332 + -2288. What is the remainder when c is divided by 26?
18
Suppose -9*s - 4*s = 4160. Let c = s - -330. Calculate the remainder when 57 is divided by c.
7
Let u be ((-32)/(-24))/((-4)/(-90)) + 0. Suppose -t - 4*m = -5, 3*t - 6*m + 3*m = u. What is the remainder when 25 is divided by t?
7
Let l = 439 + -376. Calculate the remainder when 430 is divided by l.
52
Let t = -8126 + 10362. Calculate the remainder when t is divided by 66.
58
Suppose 2*i = 3*i - 19. Let r = 298 - 355. What is the remainder when -65 - r - 216/(-1) is divided by i?
18
Suppose 120*u - u - 15*u - 26624 = 0. What is the remainder when u is divided by 199?
57
What is the remainder when 56 is divided by 70/9*(-387)/(-172)*(-8)/(-10)?
0
Suppose 6*y - 2*y = -3*x - 7, -2*y + 2*x = 0. Let b be y/3*(-153 + (-6)/1). Suppose 31 = 4*l - b. What is the remainder when 80 is divided by l?
17
Suppose 4*x = -4*x - 680. Let o = x - -177. Suppose -v - 5*a = -27, 3*v = 3*a + 40 + 113. What is the remainder when o is divided by v?
45
Let p be -1 - (-3 + (-1 - -1)). Calculate the remainder when (66/(-11) - 2)*(-2 - 18/8) is divided by 3 - (-11 + 0 + p).
10
Let p be (-344)/(-20) + 4/5. Let q(i) = -i**3 + 21*i**2 - 50*i - 52. Calculate the remainder when 63 is divided by q(p).
3
Let y(j) = 3*j**3 - 40*j**2 + 48*j - 32. Calculate the remainder when y(13) is divided by 123.
54
Let f = 194 + -192. Suppose -2*o + 24 = -f*t - 0*t, 5*o - 60 = -4*t. Calculate the remainder when 19 is divided by o.
7
Let i(c) = -c**3 - 11*c**2 + 21*c + 84. Let t be i(-12). Calculate the remainder when 142 is divided by 134*(-3)/t + (-1)/(-4).
6
Let d(o) = 3*o**2 + 1. Let h(p) = -2*p - 38. Let w be h(-19). Suppose -2*t - 5 + 107 = w. Calculate the remainder when t is divided by d(-2).
12
Let q(u) = -u**3 + 2*u**2 - 12*u + 59. Let b be q(0). Let k be 0 + -40 + (-1)/1. Let n = b - k. What is the remainder when n is divided by 51?
49
Suppose -17*g + 6*g = -165. Let z be (2/3)/(436/(-54) - -8). Let m = 94 + z. Calculate the remainder when m is divided by g.
10
Suppose 18743 = 22*u - 2311. Calculate the remainder when u is divided by 953.
4
Suppose f = 839*z - 840*z + 9, 4*z = -5*f + 44. Let h = 5 + -2. Suppose 0 = 2*u - 3*j + 7, -h*u - 4 = u - 4*j. Calculate the remainder when u is divided by z.
0
Let m(k) = -7839 + 2*k**2 - 5*k**2 + k**3 - 16*k + 7841. Calculate the remainder when 557 is divided by m(6).
11
Suppose 50*u = 53*u - 24. Suppose 2*g = u*g + 174. Let w = 38 + g. What is the remainder when 15 is divided by w?
6
Let i be 1*(72 + -8) - 1*-2. Let t = -53 + i. Let g = 21 - t. What is the remainder when 52 is divided by g?
4
Suppose -37*z - 44*z = 29*z - 33220. Calculate the remainder when z is divided by 48.
14
Let t = -49 - -136. Calculate the remainder when t is divided by -6 + (2/(-5))/(156/(-195))*22.
2
Let o(j) = 406*j - 684. What is the remainder when o(3) is divided by 20?
14
Suppose 3*h - 3 + 3 = 0. Suppose 8*r - 2486 + 398 = h. What is the remainder when r is divided by 24?
21
Let r(l) = 4*l**2 + 4*l - 8. Let b be r(-8). Suppose -2*k - 2*c = -0*c - 90, -4*k + 5*c = -b. Let v = k + -35. What is the remainder when 68 is divided by v?
12
Suppose -109 = -13*b + 177. Suppose 3*q - 4*o - 17 = 0, 4*q - b = -0*o + 5*o. Let m(j) = -j + 3. Calculate the remainder when m(0) is divided by q.
0
Let y = -1370 + 2098. Let j = y - 702. What is the remainder when 148 is divided by j?
18
Let p(j) = 4*j**3 - 5*j**2 + 73*j - 231. Calculate the remainder when 2799 is divided by p(3).
45
Suppose -x - 9 = -4*x. Suppose 0*y + 3*y - 177 = -5*s, -2*s = x*y - 69. Let g = 1663 - 1522. What is the remainder when g is divided by s?
33
Suppose -2*h = 6*y - y + 13, -y = 4*h + 17. Let u be -1 + 1 - (12/(-3) - y). What is the remainder when 1*(-6)/(-4)*(47 - u) is divided by 18?
12
Suppose 1 = -3*y + 19. Suppose 6*o + 7 = 1. What is the remainder when (3 + -5)*(o + (-9)/3) is divided by y?
2
Let p(b) = -b**2 - 8*b + 15. Suppose -4*c = -m + 5*m, 5*c = m. What is the remainder when 50 is divided by p(m)?
5
Suppose 7 = 4*y - 3*k, -11 = y - 3*k - 6. Calculate the remainder when ((-3363)/76)/((-3)/y) is divided by 7.
3
Suppose -290*j + 61*j + 5698 = 289*j. Suppose -4*x = -7*x + 9. Suppose -v = -x*v + 5*o + 2, 4*v = -4*o + 32. What is the remainder when j is divided by v?
5
Let u(a) = -a**3 - 6*a**2 - 6*a + 7. What is the remainder when 30/(-24)*(2280/(-200) - 31) is divided by u(-5)?
5
Let j(t) = -t**3 + 7*t**2 - 3*t - 7. Let c(n) be the first derivative of 7*n**4/4 - n**3 + n + 35. Calculate the remainder when j(6) is divided by c(1).
1
Suppose 23*q = -1382 - 8301. Let u = q - -853. What is the remainder when u is divided by 14?
12
Let d(t) = -31*t - 552. Let k(y) = y**2 - 8*y - 6. Let c be k(9). Suppose -c*n - 12 = -36. What is the remainder when d(-19) is divided by n?
5
Let j(w) = 868*w - 4305. Suppose u + 3*y - 66 = -3*u, 0 = 2*u + 4*y - 28. Suppose -2*m = -0*m - u. Calculate the remainder when j(5) is divided by m.
8
Let a(d) = 53*d + 948. Calculate the remainder when 190 is divided by a(-17).
2
Suppose 0*u + 3*u = 63. Suppose 0 = -21*h + 16*h + 20. Calculate the remainder when 241/h - (-13)/(-52) is divided by u.
18
Let s = -2424 - -2457. What is the remainder when 751 is divided by s?
25
Calculate the remainder when (51 - -770) + -1*16 is divided by 267.
4
Let s(j) = -11*j - 14. Let o be s(0). Let a(r) = -9*r - 117. What is the remainder when 16 is divided by a(o)?
7
Let v = 12210 - 9694. What is the remainder when v is divided by 140?
136
Suppose 87*a - 16856 = 38*a. What is the remainder when a is divided by 71?
60
Let m = -923 + 1051. Let c = m + -71. Calculate the remainder when 739 is divided by c.
55
Let c(d) = -d**3 - 21*d**2 - 2*d - 52. Let z be c(-21). Let y = 3 - z. What is the remainder when 21 is divided by y?
8
Let b = 230 + -228. Suppose -4*p - r = -b*p - 197, p = 5*r + 93. Calculate the remainder when p is divided by 17.
13
Suppose 18*l + 40*l = 12*l + 8556. What is the remainder when l is divided by 62?
0
Suppose 23*g - 924 - 686 = 0. Suppose 19*d - 304 - 3667 = 0. What is the remainder when d is divided by g?
69
Let u(s) = -6*s - 93. What is the remainder when u(-43) is divided by 49?
18
Let r(o) = 186*o - 103. Calculate the remainder when 1950 is divided by r(11).
7
Suppose q + 5*d = 1529, 6580 - 445 = 4*q